161. Let u(v) = 4 - 1 + 6*v + v**2 + v. Let k be u(-7). Calculate the greatest common factor of k and c.
3
Suppose -4*l - 2*p + 7*p + 225 = 0, 2*l + 2*p = 108. What is the highest common divisor of 11 and l?
11
Let y(k) = 11*k**2 + 2*k - 1. Let q be y(1). Calculate the greatest common divisor of 12 and q.
12
Let z be (10/6)/((0 - -5)/120). Calculate the highest common factor of 8 and z.
8
Let u = 14 - 4. Suppose -2*j - 3*n + 21 = 0, -4*n + 22 - 2 = 0. Suppose a - j*a = -20. What is the highest common factor of u and a?
10
Let r = -7 + 14. Calculate the highest common divisor of 1 and r.
1
Suppose 2*h - 1155 = -3*h. Let s be (-3)/2*4*28/(-8). Calculate the highest common divisor of s and h.
21
Suppose 2*z - 17 = 19. Calculate the greatest common factor of 4 and z.
2
Let g(a) = 3*a + 16. Let h be g(-4). What is the highest common factor of h and 16?
4
Let m = -1 - -6. Let g be ((-36)/8)/(2/(-4)). Let b be (g - 3)*(-15)/(-6). Calculate the greatest common divisor of b and m.
5
Suppose 5*h + 5*x - 306 = 59, 4*h = -x + 289. Calculate the greatest common factor of h and 18.
18
Let k(h) = 3*h**2 + 9*h + 15. Let g be k(-3). Suppose -6*m + 3*m = -5*n + 24, 4*n = -4*m + 32. Calculate the greatest common divisor of g and n.
3
Suppose x + z - 47 = -4*z, -3*x - 5*z + 161 = 0. Calculate the highest common divisor of x and 38.
19
Let y(g) = -g**2 + 4*g + 2. Let b be y(4). Suppose 3*j - b*h - 206 = 0, 2*j - 3*j = 3*h - 76. Let o = 1 - -27. What is the greatest common factor of j and o?
14
Let k(w) = -5*w + 1. Let m be k(-7). What is the greatest common divisor of m and 90?
18
Suppose 40 = 28*g - 20*g. Suppose -45 = 5*l - 8*l. Calculate the greatest common factor of l and g.
5
Suppose 4*p + 2*m = 171 + 15, 3*m = 5*p - 216. Let a be (-2)/((-6)/p*1). Suppose 3*z - 5*i + 2 = 9, a = 4*z - i. What is the highest common divisor of z and 12?
4
Let x(l) be the first derivative of -25*l**4/4 - 2*l**3/3 - l**2/2 + 6. Let r be x(-1). What is the greatest common factor of 8 and r?
8
Suppose -10 = -0*x - 2*x. Suppose -x*n = -4*j + 119, -3*n = -j - 7*n + 14. Let b = 40 - j. What is the highest common factor of 28 and b?
14
Let s be 8*2*(-12)/(-8). What is the greatest common divisor of s and 264?
24
Let g be (-2)/4 + (-117)/6. Let c = -3 - g. Calculate the highest common factor of 17 and c.
17
Let j be (-27)/6*-2*1. What is the greatest common factor of j and 27?
9
Suppose -46 = 4*t - 214. What is the greatest common factor of 21 and t?
21
Let k(c) = c**2 + 5*c - 3. Let a be k(-6). Suppose 5*t = 0, -3*s + 5*t = t - 18. What is the highest common factor of a and s?
3
Let k(h) = 3*h - 33. Let a(j) = j - 11. Let n(r) = -11*a(r) + 4*k(r). Let s be n(9). Let b be s - 0/2 - -59. What is the greatest common divisor of 38 and b?
19
Let c be (1 + -3)/(-2)*13. Let n = 14 - 1. Let x be n + -1 + (-1 - -2). What is the greatest common divisor of c and x?
13
Let v(c) = -c**2 - 4*c + 3. Let j be v(-4). Suppose -u - 13 = 3*m, 5*u + m + m = 0. Suppose -58 - u = -4*k. Calculate the greatest common divisor of j and k.
3
Let u(o) = -o**2 - 8*o - 2. Let n be u(-7). Let y(h) = -h + 1 - n*h + 8*h**2 + 3*h. Let t be y(3). What is the highest common factor of 16 and t?
16
Suppose 61 = k + 4*n - 23, 5*k + n = 401. Let i be (8/20)/((-1)/(-80)). What is the highest common divisor of k and i?
16
Let l = -7 + 9. Calculate the greatest common factor of l and 5.
1
Suppose 0 = -t + 13 + 7. Calculate the greatest common factor of 20 and t.
20
Let t be 14 - (-1 - -2) - 2. Suppose -4*z = -10 - 34. What is the highest common divisor of z and t?
11
Suppose -3*q + 75 = 2*k - 7*k, -61 = 3*k - 5*q. Let n be k/8*22/(-3). Let g(s) = -s + 21. Let c be g(n). Calculate the highest common divisor of c and 40.
10
Let n = 97 - 92. Let z(p) = p**2 - 2*p - 2. Let w be z(5). Suppose -n - w = -f. What is the highest common factor of f and 2?
2
Suppose 8 = -t + 3. Let g be ((-8)/t)/(2/15). Calculate the highest common factor of g and 12.
12
Let u be -1 - (-1 - 28)*1. Suppose -21 = -4*o - l + 32, -o - 4*l = -2. Suppose 5*h = 4*h + o. What is the highest common factor of u and h?
14
Let k be (-1 - (-7 - 0)) + -2. Let j = -4 + k. Suppose -4*g = -3*s + 86, s - g + 11 - 40 = j. Calculate the greatest common divisor of s and 20.
10
Suppose -c + 5 = 3. What is the highest common factor of c and 2?
2
Let r be ((-1)/(-2))/((-5)/(-40)). Let u(m) = 3*m - 2. Let d be u(r). Calculate the highest common divisor of 60 and d.
10
Let x be 85 + (1 + 0 - 0). Suppose 5*q = -4*r + 384 - x, 0 = -r + 2*q + 68. What is the highest common divisor of 9 and r?
9
Let h = 17 + -4. Calculate the greatest common factor of h and 65.
13
Suppose 5*d - 3*d + 2 = 0. Let q be (4*-6)/d*1. What is the highest common factor of 8 and q?
8
Let w(n) = 4*n**2. Let i(t) = t**2. Let f(m) = 11*i(m) - 2*w(m). Let l be f(-3). Calculate the greatest common divisor of l and 9.
9
Suppose 11*x - 12*x = -77. Calculate the greatest common divisor of 11 and x.
11
Let c(w) be the third derivative of 5*w**5/6 + 2*w**2. Let f be c(-1). Let v = -31 + 51. What is the highest common factor of f and v?
10
Let u = 14 + -8. Suppose 3*o = u, g + o = -2*g + 83. Let d be (2/(-6))/((-4)/36). What is the greatest common factor of g and d?
3
Let x = -15 + 8. Let w = x + 31. What is the highest common divisor of w and 60?
12
Let u(v) = 15 + 0*v**2 + v**2 - 2*v - 14. Let b be u(5). What is the greatest common divisor of b and 16?
16
Suppose -5*h - 60 = -240. Let s = -15 - -21. Calculate the greatest common divisor of s and h.
6
Suppose 4*g = -5*i + 72, -20 = -4*i - 4. What is the highest common factor of g and 117?
13
Suppose -3*h + 25 = 2*o, 2*h = 3*h - 1. What is the highest common divisor of 22 and o?
11
Let j = 207 - 193. What is the greatest common factor of j and 42?
14
Let b be (-6)/24 + 49/4. Let n be (-3)/((-6)/46) + 1. What is the highest common factor of b and n?
12
Suppose 9*y - 12 = 6*y. What is the greatest common divisor of 28 and y?
4
Let k be (3 + -2)*(8 + -1). Let t = 114 - 33. Let f be -6*(-2)/(-3) + t. What is the greatest common factor of f and k?
7
Suppose 0*p - a - 161 = -4*p, -3*p = -2*a - 127. Let u(t) = -2 + 6 - 2 + p*t. Let s be u(2). Calculate the greatest common factor of s and 32.
16
Let m be (1*(-10)/(-2))/1. Calculate the highest common factor of m and 55.
5
Let u = 5 - -4. Calculate the greatest common factor of 1 and u.
1
Let c be (12/(-14))/((-13)/(-7) + -2). Calculate the highest common factor of c and 12.
6
Let t(f) be the second derivative of 0 - f + 5/12*f**4 - 7/2*f**2 + 1/20*f**5 - 7/6*f**3. Let h be t(-5). Calculate the greatest common factor of h and 4.
4
Let b be (20 + -21)/((-1)/4) + 23. Calculate the greatest common divisor of 36 and b.
9
Let z = 0 + 4. Let h be (1/(-3))/(z/(-612)). Suppose 0 = 4*n - 17 - 51. What is the highest common divisor of n and h?
17
Let g(f) = -6*f - 3. Let o be g(-3). Let r be (-34)/(-6) + 4/(-6). Calculate the greatest common divisor of o and r.
5
Let l = -90 + 50. Let o be 3/3 - -1 - l. Calculate the greatest common divisor of o and 63.
21
Let u(r) = -2 - 4 + 19*r + 4 + 8. Let i be u(6). Calculate the greatest common divisor of 12 and i.
12
Suppose -47 = -2*a + 5*t + 11, 3*a - t - 74 = 0. Calculate the highest common factor of a and 48.
24
Suppose 2*t - 109 = -3*x, 2*x - t - 47 - 21 = 0. Calculate the highest common divisor of 14 and x.
7
Let x(y) = -y**3 + 5*y**2 + 4*y - 6. Suppose 0 = -h - 3*b + 7, 0*b + 5*b = -3*h + 17. Let v be x(h). What is the highest common factor of v and 39?
13
Suppose 0 = -2*i + 5*h + 5, 2*h + 32 = -4*i - 2*h. Let y = i + 13. What is the highest common factor of y and 8?
8
Let o be 4/(3/18 - 1/(-3)). Calculate the highest common factor of o and 8.
8
Let n(h) = 104*h**2 + h. Let r be n(-2). Suppose q + q = r. Let w(j) = j**3 + j**2 - 3*j - 4. Let z be w(3). What is the greatest common factor of z and q?
23
Suppose -2*c = 10 - 14. Calculate the greatest common divisor of 2 and c.
2
Suppose 2*g = -0*g + 592. Suppose -2*p + g - 10 = 0. Let k(u) = 3*u**2 + 1. Let x be k(-2). What is the highest common factor of x and p?
13
Suppose -4*u = -3*u - 2*j + 5, u = -4*j + 13. Let p = 14 + -25. Let x = -2 - p. What is the highest common divisor of u and x?
1
Suppose -c - c = -30. What is the highest common 